 of -c**7/2520 + 7*c**6/720 + c**5/20 - 41*c**4/12 - c**2/2 + 27*c. Let k(h) be the third derivative of t(h). Give k(6).
12
Let l(t) = -t**3 + 4*t**2 - 2*t - 6. Let o(n) = -203*n - 809. Let c be o(-4). Calculate l(c).
-3
Suppose -5*p = -3*u - 37, -4*u + 2*p + 71 = 111. Let h(o) = -2*o**3 - 20*o**2 - 19*o + 13. Calculate h(u).
22
Let y(z) = 3*z + 1. Let b be y(1). Suppose -c - b*c = 5. Let w(o) be the first derivative of -5*o**3/3 + o**2/2 + o - 45593. What is w(c)?
-5
Let d(k) = 2*k**2 - 274*k + 275*k - 5 + 0*k**2 + 2. Let z(b) = b**2 - 2. Let h(v) = -2*d(v) + 5*z(v). What is h(-3)?
11
Let w(r) be the first derivative of 14 - 7*r**2 + 2*r + 23 + 7*r**2 + r**2. Give w(-3).
-4
Suppose -25*q + 30*q - 9 = -m, 4*q + 60 = -5*m. Let p(f) = -15*f - 243. What is p(m)?
-3
Let q(n) = 35*n + 17. Let v(y) = y + 1. Let o(m) = 24*m + 16. Let l(j) = o(j) - 6*v(j). Let k(b) = -5*l(b) + 3*q(b). Determine k(1).
16
Let t(b) = -b - 41 + 43 - 9. Determine t(5).
-12
Let l(k) = -k**3 - 2*k**2 - k + 1. Let a(o) = -59*o + 109 - 353 + 98*o - o**2 - 85*o. Let m be a(-6). Give l(m).
37
Let l(u) = u**3 + 3*u**2 - 6*u - 4. Let f(d) = -9*d + 5. Suppose -2*x + 0 + 2 = 4*h, -4*h + x = 1. Suppose h = -2*c + 9*c - 7. Let m be f(c). Give l(m).
4
Let n(b) = -11*b - 20*b + 29 + 50*b - 16*b. Calculate n(-9).
2
Let h(o) = -3*o**2 - o. Let t = -1054 - -1052. What is h(t)?
-10
Let v be (-4659)/21 + (-12)/84. Let x = v + 226. Let y(o) = 2*o - 2. Calculate y(x).
6
Suppose 2*w + 2 = 0, -16*w + 13*w - 9 = 2*q. Let b(i) = -i - 5. Let a(j) = 1. Let g(o) = q*a(o) + b(o). Let r = -20 - -13. What is g(r)?
-1
Let z(a) = a - 8. Let n(f) = -76*f - 394. Let l be n(-6). Let v(s) = 3*s**3 + 2*s**2 - 3*s + 2. Let j be v(-3). Let x = l + j. What is z(x)?
2
Let g be (-3 - -1)*(-1)/2*2. Let y(t) = 6*t**2 - 7*t**g - 24*t + 3 + 27*t. What is y(5)?
-7
Let f(w) = 2*w**3 - 32*w**2 + w - 24. Let s be ((-6)/(-9))/(3/(2 - -70)). What is f(s)?
-8
Let n = 8 + 1. Let o(b) = 2*b - 175 + 484 - 139 - 178. Determine o(n).
10
Suppose -3*w = 16 + 5. Let n(a) = 1 - 3 - 5 + 132062*a + 132063*a - 264128*a. Calculate n(w).
14
Let s(d) = -920 - 2*d + d**2 - 899 + 9*d + 1778 + 8*d. What is s(-18)?
13
Let p(u) = u**2 - 4*u + 1. Let j(r) = r**2 - 5*r + 12. Let t be j(16). Let z = 192 - t. Determine p(z).
1
Let n(t) = t**3 - 6*t**2 + 6*t - 5. Let c = -1447 + 1451. Calculate n(c).
-13
Let l(b) be the third derivative of b**6/60 + 13*b**5/60 + b**4/4 + 5*b**3/2 - 1128*b**2. Give l(-6).
15
Let y(w) = 3*w**2 + w**3 + 492 - 246 - 4*w - 7*w**2 - 248. Let z(p) = -p + 13. Suppose -1 = -d, 45 = 4*c + d + 12. Let q be z(c). Determine y(q).
3
Let h(g) = 17*g**2 - 19*g + 36. Let q(i) = -4*i**2 + 5*i - 9. Let u(w) = 2*h(w) + 9*q(w). Let a = 3822 - 3818. Determine u(a).
-13
Suppose 5*f = -0*f + 5. Suppose 1 = -4*o + f. Suppose -l + 2 + o = 0. Let t(n) = -2*n + 1. Calculate t(l).
-3
Suppose -50*a = -47*a - 18. Suppose a*x - 4*x = -5*v + 16, 4*v + 4*x = 8. Suppose 0*k = v*k. Let n(b) = b**3 + b**2 - 6. Determine n(k).
-6
Let f(y) be the third derivative of y**5/60 - 7*y**4/6 + 11*y**3/6 - 24*y**2 + 15*y. Calculate f(30).
71
Suppose 4*p = -w + 8, -p = 5*w + 11 + 6. Let i(b) = -4*b - 1. Let o(g) = 60*g - 78*g + 6 + 40*g. Let j(c) = 34*i(c) + 6*o(c). Give j(w).
18
Let d(i) = -9*i + 4. Suppose -u - 24 = -5*s, -3*u - 12 = 2*s + 2*u. Let p be (-513)/(-855)*(-30)/(-9). Suppose -s*f + 10 = 2*k, p*f - k + 14 = 7*f. Give d(f).
-23
Let l(h) = -3*h**3 + 12*h**2 - 4*h - 8. Let m(p) = 2*p**3 - 6*p**2 + 2*p + 3. Let q be -20 + 16 + 0 + 1. Let z(d) = q*l(d) - 5*m(d). What is z(-6)?
-3
Let w = -6535 - -6537. Let g(x) be the second derivative of -1/2*x**w + 0*x**3 - 1/6*x**4 + 15*x + 0. Determine g(-1).
-3
Let z(d) be the third derivative of d**6/360 - d**5/60 + d**4/4 + 30*d**3 - 20*d**2. Let w(x) be the first derivative of z(x). What is w(3)?
9
Let m(f) be the second derivative of -f**3/6 + 4*f**2 - 2090*f. Let v be 426/(-42) - (-1)/7. Calculate m(v).
18
Let i(o) = 4*o**2 - 14*o + 29. Let q = -9979 - -9986. Give i(q).
127
Let l(o) = -320 + 39*o**2 + 319 - 165*o**2 + 123*o**2 - 2*o + o**3. Let k(z) = -z**3 + 13*z**2 - z + 16. Let y be k(13). Give l(y).
-7
Suppose -3*u + 27 - 15 = 0. Let q(o) be the second derivative of -o**5/20 + o**4/2 - 3*o**3/2 + 3*o**2 + 30*o. Give q(u).
2
Let s(w) = -12 - 13 + 5*w + 28 + 29*w**2. Let f(q) = 30*q**2 + 4*q + 2. Let p(n) = 4*f(n) - 3*s(n). Determine p(1).
33
Let p = 3478 + -3482. Let g(k) = 4*k + 17. Determine g(p).
1
Let b(d) = -d**3 + d**2 + d - 13. Let n = 447 + -445. Suppose -i + n*i + 3*i = 0. What is b(i)?
-13
Let k(x) = -169*x + 28. Let o(f) = -96*f + 15. Let c(b) = 4*k(b) - 7*o(b). Determine c(-6).
31
Suppose -2*x = -4*a - 2240, 5*x - 4*a - 5565 = -a. Let y = -751 + x. Let p(d) = 2 - 357*d - 1 + y*d. What is p(1)?
3
Let h(k) = -5*k + 3. Let s = 157 + -159. Let t(v) = 5*v - 3. Let m(u) = s*t(u) - 3*h(u). Determine m(5).
22
Let b = 358 - 353. Let o(a) = -1 - b*a + a**2 - 4*a - 2*a + 13*a. Calculate o(5).
34
Let w be ((-4)/(-12))/((-2)/(-24)). Suppose 4*u - 27*u = -161. Suppose 3*y = x + u + 5, -w*y + 35 = 5*x. Let q(d) = 2*d - 3. What is q(x)?
3
Suppose 25*y = 90*y. Let t(z) = z**3 + z**2 - 3*z - 7. Calculate t(y).
-7
Suppose 63 - 120 = -7*r - 64. Let n(m) = m**2 - 2*m - 3. Give n(r).
0
Let s(p) = p**2 + 37*p + 247. Let t be s(-9). Let b(m) = -m**2 - 7. What is b(t)?
-32
Let v(j) = -14*j + 98. Let u(y) = 72*y - 506. Let s(x) = 3*u(x) + 16*v(x). Give s(7).
-6
Suppose 0 = -40*m + 32*m + 440. Let u(q) = -12*q - m + 34*q + 48 - 18*q. Calculate u(-6).
-31
Let d be -6 - -3 - (-2 + 1). Let z be 1/(6/18) + 4. Let k(g) = -30 + 64 - z*g - 33. Determine k(d).
15
Let w(v) = v - 8. Let n(t) = -17*t - 283. Suppose 8*x - 10*x = 5*g + 83, -5*x = 4*g + 63. Let d be n(g). What is w(d)?
-2
Suppose -95 = 2*v + 98 - 199. Let r(j) = -j**3 + 4*j**2 - 12*j + 7. Give r(v).
-20
Let j(y) be the first derivative of y**2/2 + 9*y + 540. Let g = -8 + 3. Calculate j(g).
4
Let x(c) = 7*c**2 - 2*c - 161. Let o(p) = 8*p**2 - 215. Let d(b) = 3*o(b) - 4*x(b). Determine d(-4).
-97
Let k(j) be the third derivative of 1/6*j**3 + 0 - 5*j**2 + 2*j + 1/24*j**4. Determine k(6).
7
Let j(p) be the third derivative of -144*p**2 + 0 - 1/6*p**4 + 1/2*p**3 + 0*p. Calculate j(2).
-5
Suppose 130 = 5*x + 5*m, -4*x + 4*m = -105 + 41. Let p(s) = -29*s + 10*s + 5 + x*s. Give p(-3).
-1
Let r(g) be the third derivative of -g**7/2520 + 7*g**6/720 - g**5/120 - 13*g**4/24 - 95*g**2. Let a(c) be the second derivative of r(c). What is a(7)?
-1
Let h be ((-8)/2 - (13 + -13)) + 7. Let y(f) = 2*f + 78*f**2 + f - 3 + 2*f - f**h - 80*f**2. Calculate y(-4).
9
Let u(w) = -w**3 - 30*w**2 - 3*w - 87. Let r be (-183 + 18)/15 + -19. Calculate u(r).
3
Let k(h) = -24*h - 1. Let s(u) = -6*u + 375. Let j be s(62). Determine k(j).
-73
Suppose -107*v + 4 = -110*v + 1. Let g(p) = -132*p**3 + p**2 - p - 1. Give g(v).
133
Let c(f) = -f**3 + f**2 + 2*f + 14. Let w be c(7). Let n = w + 266. Let z(d) = d**3 + d + 22. Calculate z(n).
22
Let l(v) = -25*v - 40. Let o(p) = 4*p + 7. Let s(c) = l(c) + 6*o(c). Let h be (-50)/(-4) + 1/(-2). Let q = h - 5. Give s(q).
-5
Let o(f) be the first derivative of 1/2*f**2 + 0*f - 9 + 7/3*f**3. Suppose 0*y + 6 = -6*y. Give o(y).
6
Let o(y) = -26*y**2 + y. Suppose 201*t - 6 = 237*t + 30. Calculate o(t).
-27
Let x(g) = 2*g + 37. Let i be 555/(-30) + (-21)/6. Determine x(i).
-7
Let f(q) = q**3 - 11*q**2 - 23*q - 10. Let h be (8/(-60)*3)/((-1615)/(-325) - 5). Determine f(h).
29
Suppose -4*n - 48 = -4*u, -2*u - 29 = -4*u + 3*n. Let b(k) = -5*k**2 + 7 - 5*k**2 + 2*k**2 + 5*k + 7*k**2. Give b(u).
-7
Let n(u) = 53 + 22*u + 26*u - 37*u - 11. Calculate n(-19).
-167
Let p(w) = -5*w**2 + 68*w + 93. Let d(j) = -4*j**2 + 52*j + 93. Let t(s) = 6*d(s) - 5*p(s). Determine t(24).
-3
Let f(j) = 5*j - 13. Let h(s) = -4*s + 12. Let d(m) = -6*f(m) - 7*h(m). Suppose 131*y - 127*y + 36 = 0. What is d(y)?
12
Let t(o) = -2*o**2 + 3*o**2 - 7 - 4*o + 6 + 3 + o**2. Suppose -i + 6 = i. Suppose -8 = -l + 3*l, -d - 10 = i*l. What is t(d)?
2
Suppose -2*r - 2*a = -18, -43*a + 49*a = -4*r + 44. Let i(q) = -q + 15. Give i(r).
10
Suppose u - 141 = -13*l + 16*l, -5*l + 381 = 3*u. Suppose -u = -72*p + 60*p. Let g(r) = r - 13. What is g(p)?
-2
Let v(s) = 24 + 162 - 15*s - 46 + 32*s. Let f be v(-8). Let o(r)